uppose -31*d + 1193 = 46. What is the remainder when d is divided by t?
11
Suppose 14*t - 532 = -112. What is the remainder when 77 is divided by t?
17
Let r be 0/(-4*(-6)/8). Suppose -5*i - 3*z + r*z + 125 = 0, -4*i - z = -93. Calculate the remainder when i is divided by (-4)/(-12) - 4/3 - -13.
10
Let r(t) be the first derivative of -t**3/3 + 5*t**2 - 8*t - 11. Calculate the remainder when r(6) is divided by 7.
2
Calculate the remainder when (2 + -9)/((-3)/60) is divided by 21.
14
Let y = -3 - -28. Calculate the remainder when (-6 + 1)*(-145)/y is divided by 10.
9
Let a be 1*(-2 - 57)/(5/(-30)). What is the remainder when a/10 - (-10)/(-25) is divided by 12?
11
Let z(p) = 6*p**2 + 4*p - 2. Let l be z(-2). Suppose -l*s = -10*s - 48. Calculate the remainder when 34 is divided by s.
10
Let h be (-36)/(-2) + -2 - -2. Suppose m - 6*m = -150. Let k = m - h. What is the remainder when 46 is divided by k?
10
Suppose 53*t - 76 = 52*t. Calculate the remainder when t is divided by 16.
12
Suppose -9 + 21 = 3*g. What is the remainder when 164/g + 2 + -1 is divided by 2/(-8) - (-89)/4?
20
What is the remainder when 10/45*-6 - 250/(-3) is divided by 18?
10
Suppose 0 = n - 92 + 14. What is the remainder when 2/(-3)*n/(-4)*3 is divided by 14?
11
Suppose 5*w + 8*u - 5*u - 2171 = 0, 4*w - 3*u = 1753. Calculate the remainder when w is divided by 19.
18
Let a = 10 + 2. Suppose -5*g - 142 = -a. Let u = g + 36. What is the remainder when 27 is divided by u?
7
Suppose -6*l = 11 - 29. Suppose l*o - 41 = 70. Suppose -5*n = 5*y - 67 + 2, 5*y + 52 = 4*n. Calculate the remainder when o is divided by n.
11
Suppose -45 = -4*c + 5*v, -2*v = 4*c - 6*v - 40. What is the remainder when (c/1 - 2)/((-48)/(-4064)) is divided by 51?
50
Let k = 2 + 1. Suppose 16 = -3*u + 28, -34 = -2*j - 4*u. Calculate the remainder when j is divided by k.
0
Let f(z) = 42*z - 486. What is the remainder when 333 is divided by f(13)?
33
Let x = 109 + -26. Calculate the remainder when x is divided by 12.
11
Calculate the remainder when 111 is divided by 1436/68 + (-54)/459.
6
Let t(d) = -d**3 + 4*d**2 - 4*d + 3. Let f be t(-9). Let c be f/189 + 2/9. What is the remainder when (c - -1)/((-2)/(-22)) is divided by 27?
23
Suppose 40*c - 35*c + 110 = 0. Let b = 34 + c. What is the remainder when 83 is divided by b?
11
Let l(b) = 10*b + 95. Let i(u) = -2*u - 19. Let j(w) = -11*i(w) - 2*l(w). What is the remainder when j(-8) is divided by (-39)/(-12) + 1/(-4)?
0
Calculate the remainder when -4*237/(-4 - (-40)/16) is divided by 53.
49
Suppose -5*t + 9*v = 4*v - 880, 4*v - 20 = 0. What is the remainder when t is divided by 46?
43
Suppose -40 = -2*x - 0*x - 2*p, -58 = -3*x - p. Calculate the remainder when x is divided by 6.
1
Let i(w) be the first derivative of w**2/2 + 43*w - 18. What is the remainder when i(-6) is divided by 4?
1
Suppose -3*p + 175 = 5*i - 145, -3*i = 3*p - 186. Calculate the remainder when 289 is divided by i.
21
Let w = 1516 + -1480. What is the remainder when w is divided by 14?
8
What is the remainder when 5/((-8)/(-992)*2) is divided by 79?
73
Let f be (-5 + -3 + 4)/2. What is the remainder when 105/(5 + f) + (4 - 2) is divided by 19?
18
Calculate the remainder when 146 is divided by (-9 - -8)/((-3)/12).
2
Calculate the remainder when (-22 - (-5)/(-5))/((-13)/65) is divided by 9.
7
Suppose -v - 192 + 332 = 0. Calculate the remainder when v is divided by 8.
4
Let h(f) = f**3 - 2*f**2 - 2*f + 16. Suppose 4*v = 2*v + 152. What is the remainder when v is divided by h(0)?
12
Let l = 20 - 6. Let a be (1/(-2))/((-1)/412). Suppose 3*q + 44 = a. Calculate the remainder when q is divided by l.
12
Suppose 0 = 5*g + 5*p - 40, -7*g - 2*p = -9*g + 32. Calculate the remainder when 43 is divided by g.
7
Let x be (-5)/(2 + 22/(-12)). Let q = x + 71. Calculate the remainder when q is divided by ((120/50)/(-3))/(4/(-70)).
13
Let n = -14 + 23. Let q = -15 + n. What is the remainder when 6 is divided by q/10 - 138/(-30)?
2
Let p = 537 + -530. What is the remainder when 95 is divided by p?
4
Let s(x) = x**2 + 2*x - 11. Let h be s(3). Suppose -96 = -4*j + 4*k, j - 27 = h*k - 3. Calculate the remainder when j is divided by 3.
0
Let w(h) = h**2 + 8*h + 20. Let x be w(-5). Suppose -7*b + 314 = -x*b. Calculate the remainder when b is divided by 32.
29
Suppose -4*q = 2*q - 24. What is the remainder when 128 is divided by (50 - 3) + q/8*-6?
40
Suppose 12*s = 8*s + 196. Let a = s + -9. Suppose -4*u + 76 = -5*o, -2*o - 16 = -5*u + 62. What is the remainder when a is divided by u?
12
Let a(c) = 26*c**3 + 2*c**2 - 2*c + 1. Let s be a(1). Let u = 13 + -9. Suppose u*n - 7*n = -s. What is the remainder when 33 is divided by n?
6
Let u = -17 - -20. Suppose -1 = -u*n + 47. What is the remainder when 47 is divided by n?
15
Let s = 6 - 1. Suppose s = -4*x + 1, -79 = -3*k + 4*x. Let n = 3 - -4. Calculate the remainder when k is divided by n.
4
Suppose -3*t - 2*i + 58 = 0, -i - 17 = -13. Calculate the remainder when t is divided by 15.
7
Suppose 16*c = 637 + 771. What is the remainder when c is divided by 32?
24
Let f(k) = -2*k + 25. Suppose -l + 1 = -1. Suppose l*q = -13 - 9. Calculate the remainder when f(q) is divided by 17.
13
Let r(v) = -2*v**2 + v + 59. What is the remainder when 229 is divided by r(0)?
52
Suppose -3*b = -0*b - 6, 4*w - 14 = b. Let g(l) = -3*l**2 - 2*l - 2. Let a be g(w). Let t = -25 - a. What is the remainder when t is divided by 9?
6
Let d(s) = 18*s**3 - 2*s**2 + 5*s - 4. Let l = 98 + -32. What is the remainder when l is divided by d(1)?
15
Let r(u) = 14*u - 25. Let x be r(14). Suppose 0*p - x = -9*p. Calculate the remainder when 36 is divided by p.
17
Suppose -59 = -s - 2*n, s + 5*n = 2*s - 31. Let c = s + -33. What is the remainder when 60 is divided by 18/1 - c/9?
12
What is the remainder when 119 is divided by (0 + -41)/((-18)/18)?
37
Let u(x) = 2*x - 24. What is the remainder when 143 is divided by u(15)?
5
Let n(h) = -13*h - 10. What is the remainder when n(-27) is divided by 57?
56
Suppose 5*l = -4*d + 160 + 108, -3*l = -5*d + 335. Let h(k) = k**2 - 2*k - 1. Calculate the remainder when d is divided by h(5).
11
Let j = -12 - -30. Suppose -w + 24 = -2*f, -w + 2*f = f - 25. Let u = w - j. What is the remainder when 30 is divided by u?
6
Let a(q) = q**2 - 14*q + 32. Calculate the remainder when 46 is divided by a(13).
8
Let t be (1/(-3))/(3/99). Let l be 105/33 + 2/t. Suppose -z = j - 14, -6*z + z - 50 = -l*j. What is the remainder when 42 is divided by j?
12
Let b = -499 - -513. Calculate the remainder when 125 is divided by b.
13
Suppose -4 - 11 = -3*k. Let y = 1 + 20. Calculate the remainder when k is divided by ((-13)/(-3) - 1) + 14/y.
1
Let p(o) = -o**3 + 9*o**2 - 5*o - 6. Let h be p(6). Suppose 22*y + h = 26*y. Suppose -5*v + 2*v + 159 = 0. Calculate the remainder when v is divided by y.
17
Let p = 1644 - 1592. What is the remainder when p is divided by 27?
25
Suppose z - 8 = 4. Let s = 8 + -3. Suppose -169 + 17 = -s*u + 4*f, 2*u + 5*f - 74 = 0. Calculate the remainder when u is divided by z.
8
Suppose -z + 337 = s, 10 + 15 = -5*s. Suppose 5*v - 48 - z = 0. Calculate the remainder when v is divided by (2 + 2 + -2)*10.
18
Suppose -t - 24 = -5*t + 2*z, -3*t + 5*z + 4 = 0. Suppose -3*g = g - t. Calculate the remainder when 21 is divided by (-5 - -3)/g*-8.
5
Let y(u) = u + 7. Suppose 4*a - 18 = -2. Calculate the remainder when (2 - 1)/(8/416) is divided by y(a).
8
Suppose 27 = -5*y + 6*y. Let t(n) = -2*n - 6*n + 8 - 4*n. Calculate the remainder when t(-6) is divided by y.
26
Suppose 2 = -2*c + 3*j - 2, 12 = 3*j. Suppose 0 = 2*z + 2*z - 128. Let p = z + -14. Calculate the remainder when p is divided by c.
2
Suppose -a = -6*a + 35. Let b = -403 + 417. Calculate the remainder when b is divided by a.
0
Let v = -43 - -44. Calculate the remainder when 118 is divided by (-4)/(v*(-1)/6).
22
Let y = 327 + -467. Let k = -137 - y. Calculate the remainder when (1*-2)/((-4)/22) is divided by k.
2
Let p = -524 - -579. What is the remainder when p is divided by 11?
0
Let n be 0 + (0 + 3 - -3). Let t = 31 - n. Suppose -b = -f - 4, -4*b - b = -4*f - t. Calculate the remainder when b is divided by 4.
1
Let h(p) = 3*p + 19. Let k be h(7). Suppose 19*i - k = 14*i. What is the remainder when 36 is divided by i?
4